b) = 19*b + 5. Let c be p(4). Let w(t) = -3*t**3 - 10*t**2 - 83*t - 292. Let x be w(-4). What is the highest common factor of x and c?
9
Let p = 26 + -21. Suppose -5*u = -4*x - 26, 4*u + x - 24 = p*x. Let k(n) = 44*n - 1009. Let y be k(23). Calculate the highest common factor of y and u.
1
Let r(q) = q**3 + 19*q**2 + 24*q - 11. Let b be r(-17). Suppose -7*t - 166 = -1650. Calculate the highest common divisor of b and t.
53
Suppose 2*u - 43 = -4*l - 11, 3*u = 0. Suppose 438 = l*r + 54. Calculate the highest common factor of 80 and r.
16
Let b be (6/4)/((-1)/(-36)). Let j = -1270658 - -1270802. What is the greatest common factor of j and b?
18
Let b = 868 + -832. What is the highest common divisor of 1852 and b?
4
Suppose -3*m - 188 + 176 = -15*m. Suppose b - 3 = -24. Let i = 32 + b. What is the highest common factor of i and m?
1
Suppose -3*h = -15, -m + 2*m = 4*h - 14. Let f(n) = -33*n - 18. Let t be f(-5). Let o be t/(-7)*(-8)/m. What is the greatest common factor of o and 42?
14
Let c = 18323 + -15394. What is the greatest common factor of c and 29?
29
Suppose 0 = 2*a + 46 - 246. Let q be a/3*(-84)/(-56). Calculate the greatest common divisor of q and 250.
50
Let x(r) = r**2 - 53*r + 768. Let m be x(48). What is the highest common divisor of m and 330?
66
Let n(u) = -25 + 0*u + 21 + 11 + 2*u. Let f be n(-3). Let o be 3 + ((-12)/10)/(f/(-85)). What is the greatest common divisor of o and 30?
15
Let y be ((-5 + 26)*(-90)/81)/(7/(-588)). Calculate the highest common divisor of y and 1715.
245
Suppose 18*s - 167*s + 2980 = 0. Let a(w) = -6*w + 12. Let g be a(-13). Calculate the highest common divisor of s and g.
10
Let t = -5229 - -5242. What is the greatest common factor of 2249 and t?
13
Let q(u) = u**2 - 24*u - 62. Let s be q(28). Suppose 2*c - 110 = -30. Calculate the greatest common divisor of s and c.
10
Let x = -2729 + 2745. Calculate the highest common divisor of x and 356.
4
Suppose 0 = -25*w - 0*w + 75. Let f be 10/15*9/2. Suppose -42 = -5*b - 0*b - f*t, 3*b - 2*t - 29 = 0. Calculate the greatest common factor of b and w.
3
Suppose 7398 = 16*j - 7*j. Suppose -j = -5*o + 318. What is the greatest common divisor of 152 and o?
76
Suppose -b = 1, 0*o + 21 = -4*o - 5*b. Let r be o - -9 - (-8 + 4 + 1). Calculate the highest common factor of 72 and r.
8
Let v(j) be the first derivative of -j**3/3 - 7*j**2 - 3*j - 8. Let b be v(-14). Let n be b/9 - (-532)/21. Calculate the greatest common divisor of 25 and n.
25
Let g = 248 + -234. What is the highest common factor of 119 and g?
7
Let r(s) = 62*s**2 - 3*s + 69. Let i be r(-8). What is the greatest common divisor of i and 31?
31
Suppose 50 = -3*d - 64. Let z = -16 - d. Let y(j) = 2*j**2 - 3415*j - 27404. Let f be y(-8). Calculate the greatest common divisor of z and f.
22
Suppose -137 = 48*h - 1337. Let o(x) = -4 + 10*x - 8*x**2 + x**3 + 0*x - 2*x**2 + 0*x**3. Let q be o(9). Calculate the greatest common divisor of h and q.
5
Let w be 5 + (-4 - -1) + 8. What is the highest common divisor of w and 1370?
10
Let b = 1237 - 448. Let g = 1333 - b. Calculate the highest common divisor of g and 64.
32
Let i(k) = 81 + 5*k**2 - k**2 - 3*k - 3*k**2 + 9. Let r be i(12). Let x(z) = z**3 - z + 22. Let l be x(0). What is the highest common factor of r and l?
22
Let a = -28 - -41. Let r(d) = -d**3 - 12*d**2 + 11*d. Suppose 3*z + 7*z = -130. Let k be r(z). What is the greatest common factor of a and k?
13
Suppose -2*f - 8 = -2. Let m be -12*-1*f/(-6). Let w(n) = -1432*n - 31456. Let l be w(-22). What is the highest common factor of l and m?
6
Let t be (25/10)/(290/1188884). Calculate the highest common factor of 74 and t.
37
Let d be (-1077)/(-2)*(-7)/((-63)/(-6)). Let k = -289 - d. What is the greatest common divisor of k and 35?
35
Suppose -x + 2*k + 6 - 7 = 0, -k - 4 = -2*x. Suppose h - 2*j - 318 = 79, -4*h = x*j - 1643. What is the greatest common factor of h and 37?
37
Let h(v) = -64*v + 1549. Let k be h(24). What is the highest common divisor of 819 and k?
13
Let w be 14/(-10) - (-8140)/100. Suppose -7*d + w = -6*d. What is the highest common divisor of 48 and d?
16
Let q be (-602)/(-63) + (-8)/(-18). Suppose -m - 4 = -q. Suppose 2*p = 17 + 115. What is the greatest common divisor of m and p?
6
Let o = -5361 - -5376. Let n(j) = 119*j + 4. Let f be n(4). What is the highest common factor of f and o?
15
Suppose 6*l - 98 = 346. Calculate the highest common factor of l and 3.
1
Let v = -1338 + 2638. Let j be (24/(-10))/(-2)*v/39. What is the highest common divisor of 8 and j?
8
Let a = -114 - -149. Let y be (28/a)/(4/530). What is the highest common divisor of y and 212?
106
Suppose -127 = -w - 31. Suppose 3*p + 2*p - 40 = 4*m, -p + 4*m = -8. Let u = w - p. Calculate the greatest common factor of u and 11.
11
Suppose -4*a = 5*l + 17, 4*a = 5*l - 7*l - 2. Let w be -1 - (-1 + (-44)/4 + a). Suppose -2*d = -27 + w. What is the highest common divisor of d and 81?
9
Suppose 4*o - 6*o + 720 = 0. Suppose 27*f = 30*f - o. What is the greatest common divisor of f and 20?
20
Suppose -5*f = -4*b + 2, -36*b + 14 = -34*b + 4*f. What is the highest common divisor of 463 and b?
1
Let i be (1/(-2))/((-2)/16). Suppose -50*r - 444 = -13*r. Let d(b) = -3*b**2 - 39*b + 28. Let u be d(r). Calculate the highest common factor of i and u.
4
Let u be 8*3/(-12)*-1. Suppose -u*s + 636 = 6*i - 2*i, 0 = -i + 5. Calculate the greatest common factor of 28 and s.
28
Let d(i) = 35*i**2 - 32*i - 104. Let a be d(-8). What is the greatest common divisor of 92 and a?
92
Let p be (-40)/8 - (546*4)/(-4). Suppose p = 5*b - 674. What is the highest common divisor of 9 and b?
9
Suppose -92 = -10*b - 62. Suppose b*t - 40 = -x, x - 3*t - 9 - 7 = 0. Calculate the greatest common factor of 154 and x.
14
Suppose b = 2*z - 16, 7 = -b + 4*z - 17. Let p = b + 20. Suppose -2*j + 8 + 0 = 0. What is the greatest common factor of p and j?
4
Suppose -19 = 2*l - 125. Let x(o) = -607*o + 1797. Let k be x(2). Calculate the greatest common factor of k and l.
53
Let i(c) = -4*c**2 + 195*c - 77. Let z be i(35). Calculate the highest common factor of z and 561.
33
Let v be (17/4 - 2)*4. Suppose -231*s - 356 = -229*s. Let r = s + 277. What is the greatest common divisor of r and v?
9
Let y = -17 + 23. Suppose y*l + 29 = 77. Suppose -2*r = 2*n - 24, -3*r + 2*n = -2*r. What is the greatest common factor of l and r?
8
Let i be 3/((-12)/(-14)) - (-4)/8. Suppose -g = -3*w - 213 - 272, 3*g - 1494 = -i*w. What is the highest common divisor of 52 and g?
26
Let y(n) = -n**3 - n**2 - 16*n + 347. Let w be y(0). Calculate the highest common divisor of 2 and w.
1
Let w be (-14)/((-2)/16*1). Suppose -50 = -z + 142. Suppose -15*k + 48 = -z. Calculate the greatest common factor of w and k.
16
Let h be 36/12 + 6848 + -6. Calculate the greatest common factor of 370 and h.
185
Let z be (-3288)/(-60) - 1/(-15)*3. What is the greatest common factor of z and 22?
11
Let h = -1017 + 1248. What is the greatest common divisor of h and 220?
11
Let g(b) = 28*b**2 - 39*b + 176. Let i be g(9). Calculate the greatest common factor of 14 and i.
7
Let u = 5644 + -5594. What is the greatest common divisor of u and 110?
10
Let n = 2419 + -1796. Calculate the highest common divisor of n and 1424.
89
Suppose 142*m - 70*m - 1430 = 46*m. What is the greatest common factor of 7095 and m?
55
Let s = -92 - -283. Suppose s*u - 3564 = 185*u. What is the highest common factor of 22 and u?
22
Let l = -35420 - -51854. Calculate the highest common divisor of l and 198.
198
Suppose 9*q - 2*q + 63 = 0. Let s = 15 + q. Suppose 2*z - z - s = 0. Calculate the greatest common divisor of 12 and z.
6
Let u(m) = -65*m**3 + 9*m**2 + 18*m - 62. Let l be u(-4). Calculate the greatest common divisor of 6 and l.
6
Let c = 656 - 172. Let b be (-13)/(78/(-18)) + 41. Calculate the greatest common divisor of b and c.
44
Let f be (-4 - 36/(-5))*(-16 + 11 + 40). What is the highest common factor of f and 3444?
28
Suppose -793 = -25*k + 2507. Suppose n + 62 = 2*m, -n + 0*n = 0. Let q = m + -19. Calculate the greatest common divisor of k and q.
12
Suppose 0 = -46*k - 26*k + 4248. What is the highest common divisor of k and 5251?
59
Let j = -41048 - -43082. What is the highest common factor of 342 and j?
18
Let g(p) = 135*p + 15146. Le